= 14*p - x*p. Is p composite?
False
Suppose 3*l - 409 = r, -3*l - l + 4*r = -556. Let g = 154 - l. Is g prime?
True
Let w(g) = g**2 - 3*g - 1. Let j be w(3). Let d(q) = -3*q**3 + q. Let b be d(j). Is 1 + 3 - b - -51 a prime number?
True
Suppose 0 = -3*a - 2*w - 10, 15 = 2*a - w - 2*w. Suppose a = 7*t - 27188 - 5705. Is t composite?
True
Let v = -55 - -341. Suppose 0*b + v = 2*b. Is b composite?
True
Let v be (-1 - -4)*(-793)/(-3). Let p = -2269 - -2277. Suppose p*k - v - 13023 = 0. Is k prime?
False
Let x = -1705 + 1161. Let d = x - -2387. Is d composite?
True
Let b(i) = 116*i**2 - 5*i + 3. Let a = 219 - 223. Is b(a) a composite number?
False
Is (-19166767)/(-87) + (-2)/3 prime?
True
Let s(j) = j**3 + 36*j**2 + j + 40. Let x be s(-36). Suppose d - 22149 = -2*y, d + y - 110736 = -x*d. Is d prime?
True
Let o(d) = 3*d**3 + 13*d**2 - 10*d - 8. Let s be o(8). Suppose 1352 = -7*b + 4*b + 5*u, -5*b - 5*u - s = 0. Is ((63/(-6))/3)/(1/b) a prime number?
False
Let z(k) = k**2 + 25*k + 89. Let x be z(-21). Suppose 75*w = 80*w - x*m - 7525, w - 1511 = -2*m. Is w composite?
True
Let q = 31819 + 94588. Is q composite?
True
Suppose -41*u + 13 = -54*u. Let c be 6 - 4*(-1)/(-2). Is 0 + u + c - -40 a composite number?
False
Let l(s) = -2*s + 17. Let f be l(7). Is 1554 + ((-2)/(-1) - f) a prime number?
True
Let f = 4 - -18. Suppose b + 3*b + 4*p = 40, 2*b = -3*p + f. Is 994/4 + 4/b prime?
False
Suppose -k + 12 = -2*n, n + 2 = -4*k - n. Suppose r = -k*r - 4*l + 1004, l = -r + 334. Let y = -205 + r. Is y prime?
True
Let n = 115460 + -52063. Is n prime?
True
Let o be -10999 + 0 + -3 - -7. Is (o/6 - -3)/(12/(-24)) a prime number?
True
Suppose -26*z + 106757 = -122640 + 28911. Is z composite?
True
Let g = 1308 - 618. Let p = 988 - g. Is p composite?
True
Suppose 37*c - 6597135 = -8*c. Is c prime?
True
Let t(k) = 2*k**3 + 140*k**2 - 59*k + 291. Is t(-70) a composite number?
False
Let c(s) = 216*s - 2*s**2 + 69*s**3 + 3 - 222*s - 1. Suppose -2*t - 3*t = -15. Is c(t) a composite number?
True
Suppose -a = o - 3804, 5*a - 23*o = -25*o + 19011. Suppose 0 = -5*f - 3*m + 21346, -f = -2*m - a - 476. Is f composite?
False
Is 13971/(5/(-5))*29/(-3) composite?
True
Let z = 153 - 119. Suppose z*q - 277109 = 3*q. Is q a prime number?
False
Suppose -81*v - 6*v = 55*v - 22197298. Is v prime?
True
Let p(g) = 248 + 2*g**3 + 2*g**2 + 248 - g**3 + 8*g - 503. Is p(6) a composite number?
True
Suppose -i = -4*y - 221141, -i - 2*y = 28023 - 249146. Is i prime?
False
Let g = 60 + -56. Suppose -a = -g*t - 6, 3*a + 27 = t + 2*t. Is 786/42 + (-4)/a prime?
True
Let m(b) = 545*b**2 - 17*b + 519. Is m(-16) composite?
True
Let o(s) = 2*s**2 - 17*s - 9. Let c(k) = -k**2 + 2*k + 1. Let p(t) = -c(t) - o(t). Let w be (-29)/(-2) + (-2)/4. Is p(w) prime?
False
Suppose -3*f + 106127 = -2*i - 19020, -5*f + 2*i + 208585 = 0. Is f prime?
True
Suppose 3*v = 10*z + 483193, 14*v = 19*v + 5*z - 805170. Is v a prime number?
False
Let f(n) = 5*n + 3. Let k be f(-2). Let x(m) = -3*m - 19. Let a be x(k). Suppose -5*l - y = -a*l - 2394, 2*l + 5*y = 1609. Is l a composite number?
False
Is 4/18 + 86/(-144) + (-30674953)/(-344) a prime number?
False
Let k = 60092 - 34653. Is k a composite number?
False
Suppose 0 = 4*y - 12, -4*h - 7*y + 54 = -5*y. Suppose 4*o = h, -4*x + 13541 = -3*x - 4*o. Is x composite?
False
Let b be (89907/(-78) - 4/(-26))*-2. Suppose x + b = s, -21*s + 24*s = -3*x + 6939. Is s a prime number?
True
Let l = 5011 - 3476. Suppose -6*h + l = -5*h. Is -1*(-1)/(5/h) a composite number?
False
Let t be 7 + -11 + (0 - 18/(-2)). Suppose 5379 = -4*w + 8*w - 5*p, t*p - 5 = 0. Is w a prime number?
False
Let v(k) = k**3 - k**2 - 3*k + 3. Let x be v(2). Let d be x + 2 - (-3)/(0 - 3). Is (-6785)/(-10) + 1/d a prime number?
False
Let c = 3459 + -2938. Is c composite?
False
Suppose 0 = 2*y + 6, -5*r + 75 = -0*y - 5*y. Let g(f) = 0*f - 7 + 10*f**2 + 7*f + f**3 - r. Is g(8) prime?
False
Is ((-4174)/10)/(23/(-345)) prime?
False
Let q(h) be the third derivative of 3*h**5/20 - 7*h**4/12 + 23*h**3/6 + 3*h**2 + 10*h. Let i = -6 - -8. Is q(i) a composite number?
False
Let b be 6 + 4/4 - (-4)/(-2). Let h(y) = 2 + 10*y + 2*y**2 - b + 5*y. Is h(-11) a prime number?
False
Suppose -42*m + 49*m - 126 = 0. Suppose 17*f - m*f = -419. Is f composite?
False
Is 1/(3004406/(-751102) - (-104)/26) composite?
True
Suppose 5*n - 62181 = -116*f + 112*f, -5*n + 5*f + 62190 = 0. Is n a composite number?
False
Let q be -4 + 239*(9 + 1). Suppose 0 = -j + 4, -4*h + 4*j + 1694 + q = 0. Let o = h + -633. Is o a prime number?
False
Let i(p) = 3*p + 46. Let y be i(-14). Let v(l) = -71*l - 3. Let d(k) = 569*k + 25. Let n(h) = -6*d(h) - 51*v(h). Is n(y) a prime number?
False
Suppose -4095 = -17*h - 967. Is (96/46 - 2) + 4923640/h a prime number?
True
Suppose -4*d = -0*h + 3*h - 18, -d = -h + 6. Suppose -h*f + 67950 = 9*f. Let s = 6711 - f. Is s a prime number?
False
Suppose -3*s = -10*g - 0*s + 741643, -4*g + 2*s = -296658. Suppose f + v - 18543 = -v, 4*v = -4*f + g. Is f a composite number?
False
Let i = 131 - 124. Suppose 10*g + i = 27. Suppose 0 = 3*l - g*u - 1211, 477 = 2*l - 5*u - 312. Is l a composite number?
True
Let m = 2737 - 169. Let w = m + -1487. Is w prime?
False
Let t = 1602 - 438. Let p = 209 - 202. Suppose p*y = y + t. Is y composite?
True
Suppose k + 3868063 = 42*k. Is k a composite number?
False
Let m(f) = 7*f**3 - 3*f**2 - f - 250. Let d(h) = 2*h**3 - h**2 + 1. Let o(j) = 3*d(j) - m(j). Is o(0) composite?
True
Suppose 2*c - 3*a + 1272 + 410 = 0, c + 840 = 2*a. Let b be (8550/24)/((-2)/8). Let o = c - b. Is o composite?
True
Suppose 4*t + 2*h - 26917 = -5483, -4*t + 2*h + 21446 = 0. Suppose -3*q + 14281 + t = 0. Is q prime?
True
Suppose -150*f - 132*f + 99533489 = -29*f. Is f a prime number?
True
Let c(h) = 8*h**3 - 24*h**2 + 36*h + 183. Is c(28) a composite number?
False
Suppose 0 = 3*l - 0 + 3. Let f be (l + -1)*15 + 0 + 0. Is (-4441)/(20/f - (-2)/(-6)) composite?
False
Suppose 4*r + 739 = 4*d - 609, -3*r + 1376 = 4*d. Let m = d + 5688. Is m a composite number?
False
Let m(y) = 10*y**2 - 2*y + 3. Let a be m(2). Let b = a + 48. Let q = -56 + b. Is q composite?
False
Is 63660/180*(1 - -1074 - -2) a prime number?
False
Let o(d) = d**3 + 29*d**2 - 3*d + 125. Is o(-26) prime?
False
Is 39*(-18)/(756/(-39466)) a prime number?
False
Let u = 94322 + 80247. Is u a prime number?
True
Let j(d) = -d**3 + 8*d**2 + 22*d + 13. Let o(z) = -3*z**3 + 25*z**2 + 65*z + 39. Let h(n) = -17*j(n) + 6*o(n). Let w be h(15). Let g = 79 - w. Is g prime?
False
Let r(t) = -12*t**2 - 41 - 4*t**2 + 3*t**2 + 2*t + 15*t**2. Suppose 0 = 3*z + 3*b - 69, 3*z = 5*z - 2*b - 30. Is r(z) prime?
True
Is (-921)/(2 - (5225/2605 - 0)) prime?
False
Let d(z) = -242*z**2 + 2*z - 4. Let t(y) = -1211*y**2 + 10*y - 20. Let j(c) = -11*d(c) + 2*t(c). Let m be j(2). Let x = -373 + m. Is x a prime number?
True
Suppose 79*n - 81*n = 5*t - 707348, 0 = 4*n - 2*t - 1414768. Is n a prime number?
False
Let p(d) = 31*d**3 - 12*d**2 + 6*d - 26. Let q be p(8). Suppose 0 = 215*m - 212*m - q. Is m a composite number?
True
Let k(g) = 207279*g + 34. Is k(1) a composite number?
True
Let z(m) = m**3 + 26*m**2 + 26*m - 16. Let y be z(-14). Suppose -4*f + y = -1584. Is f a composite number?
True
Suppose -203841 = -4*v - 5*t, 5147*t = 4*v + 5145*t - 203834. Is v a prime number?
False
Let m(l) = 2*l + 7. Let n(p) = -2*p - 7. Let y(r) = -5*m(r) - 4*n(r). Let b be y(-5). Is -2 - ((-3 - (-3)/b) + -3265) a composite number?
True
Let h = -4505 - -2314. Let t = h + 4920. Let a = t + -1932. Is a a composite number?
False
Is ((-3)/2 + 2)*231094 prime?
True
Let l(d) = d**3 - 14*d**2 + d - 12. Let b = 40 - 26. Let a be l(b). Suppose 1 = -n + 5, -a*n = 4*f - 1120. Is f prime?
False
Let v be -1 - -2 - 1756/2. Let y = 576 - 840. Let h = y - v. Is h prime?
True
Is 889532/3*(-72)/(-96) composite?
True
Let x be (-14)/(-2) + 38718 + 21. Is x/14 - 196/343 a prime number?
True
Suppose 5*f + 4*w + 10 = 0, -2*f + 2*w = 3*w + 4. Let t be (0 + f/(-4))*0. Is (-28 - -27)*(-269 - t) a composite number?
False
Let x(s) = -642*s**3 + 4*s**2 + 8*s + 11. Suppose m + 5*n - 8 = 0, -5*n + 11 = 1. Is x(m) prime?
True
Let q(o) = -240*o**3 - 13*o**2 - 80*o - 30. Is q(-7) a prime number?
False
Is 1764363/(-36)*33/22*(-6 + -2) a prime num